{"id":3511,"date":"2024-01-02T19:17:58","date_gmt":"2024-01-02T19:17:58","guid":{"rendered":"https:\/\/www.imedk.com\/tienda\/?post_type=product&#038;p=3511"},"modified":"2024-01-02T19:17:58","modified_gmt":"2024-01-02T19:17:58","slug":"testo-saveris-2-t1-registrador-de-datos-wifi-con-pantalla-y-sonda-de-temperatura-ntc-integrada","status":"publish","type":"product","link":"https:\/\/imedk.com\/tienda\/testo-saveris-2-t1-registrador-de-datos-wifi-con-pantalla-y-sonda-de-temperatura-ntc-integrada\/","title":{"rendered":"Testo saveris 2-T1 \u2013 Registrador de datos wifi con pantalla y sonda de temperatura NTC integrada"},"content":{"rendered":"<p>El sistema de registro de datos WiFi testo Saveris 2 es la soluci\u00f3n f\u00e1cil , flexible y segura para medici\u00f3n y monitorizaci\u00f3n de la temperatura en sus almacenes , c\u00e1maras de refrigeraci\u00f3n y salas de trabajo. Disponer el sistema es un juego de peque\u00f1os y se puede realizar mediante un navegador.<\/p>\n<ul>\n<li>Alerta por correo electr\u00f3nico o mensaje de texto al m\u00f3vil (opcional) cuando se sobrepasan los valores l\u00edmites.<\/li>\n<li>Sistema de registro de datos por WiFI con instalaci\u00f3n y manejo f\u00e1cil.<\/li>\n<li>Monitorizaci\u00f3n de temperatura automatizada con sensor integrado.<\/li>\n<li>Acceder a los datos de temperatura y evaluarlos en cualquier momento a trav\u00e9s de smartphone, tablet o PC.<\/li>\n<\/ul>\n<p>Supervise las temperaturas en sus guardes , c\u00e1maras frigor\u00edficas y salas de trabajo con el registrador de datos WiFi testo Saveris 2-T1. Las temperaturas medidas con el sensor integrado se registran asimismo de forma confiable por per\u00edodos prolongados y mandadas de manera directa a la nube Testo a trav\u00e9s de su WLAN. Explorando en Internet desde su m\u00f3vil inteligente , tablet o PC, usted tiene la posibilidad de acceder a estas lecturas en todo instante y desde cualquier parte.<\/p>\n<h5>Supervisi\u00f3n de temperatura con testo Saveris 2<\/h5>\n<p>El sistema para la supervisi\u00f3n de temperatura est\u00e1 compuesto, por lo menos , de un registrador de datos WiFi y un ingreso a la nube (almacenamiento de datos online ). Como una parte de este sistema de registro de datos, el registrador de datos de temperatura testo Saveris 2-T1 con sonda de temperatura NTC dentro guarda y transmite todos los valores medidos directamente a la nube Testo mediante su WLAN. A trav\u00e9s de la funci\u00f3n de alarma puede lograr que se le alerte por correo o mensaje de texto (opcional) en el momento en que se exceden los valores l\u00edmites.<\/p>\n<h5>Los paquetes de nube Testo: Basic (gratuito) y Advanced<\/h5>\n<p>La nube Testo es tambi\u00e9n el control central para la configuraci\u00f3n de su sistema testo Saveris 2. Aqu\u00ed es viable modificar el registrador de datos WiFi, ajustar las alarmas para valores l\u00edmite y analizar los tiempos de ajuste. Puede acceder a todas las lecturas y funciones de an\u00e1lisis, en todo momento y desde cualquier parte, mediante un tel\u00e9fono capaz , tableta o PC con conexi\u00f3n a Internet. Para acceder a la nube Testo debe crear una cuenta primero en wwwsaverisnet.<\/p>\n<p>Seg\u00fan las funcionalidades deseadas existe la oportunidad de utilizar la nube Testo escogiendo entre una funcionalidad B\u00e1sica gratuita y una funcionalidad Avanzada m\u00e1s amplia:<\/p>\n<table border=\"1\" cellspacing=\"0\" cellpadding=\"0\">\n<tbody>\n<tr>\n<td><strong>Basic (gratuito)<\/strong><\/td>\n<td><strong>Advanced<\/strong><\/td>\n<\/tr>\n<tr>\n<td><strong>Intervalo de medici\u00f3n<\/strong><\/td>\n<td>15 min. \u2026 24 h<\/td>\n<td>1 min. \u2026 24 h<\/td>\n<\/tr>\n<tr>\n<td><strong>Intervalo de comunicaci\u00f3n<\/strong><\/td>\n<td>15 min. \u2026 24 h<\/td>\n<td>1 min. \u2026 24 h<\/td>\n<\/tr>\n<tr>\n<td><strong>Almacenamiento de datos<\/strong><\/td>\n<td>m\u00e1x. 3 meses<\/td>\n<td>m\u00e1x. 2 a\u00f1os<\/td>\n<\/tr>\n<tr>\n<td><strong>Informes<\/strong><\/td>\n<td>manual (.pdf\/.csv)<\/td>\n<td>manual (.pdf\/.csv)<br \/>\nautom\u00e1tico (.pdf\/.csv)<\/td>\n<\/tr>\n<tr>\n<td><strong>N\u00famero de usuarios por cada cuenta<\/strong><\/td>\n<td>1<\/td>\n<td>10<\/td>\n<\/tr>\n<tr>\n<td><strong>Cantidad de registradores de datos WiFi<\/strong><br \/>\n<strong>por cada cuenta<\/strong><\/td>\n<td>Ilimitada<\/td>\n<td>Ilimitada<\/td>\n<\/tr>\n<tr>\n<td><strong>Opciones de alarma<\/strong><\/td>\n<td>L\u00edmites de alarma superior\/inferior<\/td>\n<td>\u2022 L\u00edmites de alarma superior\/inferior<br \/>\n\u2022 Retardo de alarma<br \/>\n\u2022 Temporizaci\u00f3n de alarmas<\/td>\n<\/tr>\n<tr>\n<td><strong>Notificaciones del sistema<\/strong><\/td>\n<td>\u2022 Notificaci\u00f3n de bater\u00eda baja<br \/>\n\u2022 Conexi\u00f3n por radio interrumpida<br \/>\n\u2022 Suministro de corriente interrumpido<\/td>\n<td>\u2022 Notificaci\u00f3n de bater\u00eda baja<br \/>\n\u2022 Conexi\u00f3n por radio interrumpida<br \/>\n\u2022 Suministro de corriente interrumpido<\/td>\n<\/tr>\n<tr>\n<td><strong>Alerta por correo electr\u00f3nico<\/strong><\/td>\n<td>s\u00ed<\/td>\n<td>s\u00ed<\/td>\n<\/tr>\n<tr>\n<td><strong>Alarmas por mensaje de texto<\/strong><\/td>\n<td>no<\/td>\n<td>\u2022 Incl. 25 mensajes de texto por registrador\/a\u00f1o<br \/>\n\u2022 Opci\u00f3n de compra de paquetes de mensajes de texto adicionales<\/td>\n<\/tr>\n<\/tbody>\n<\/table>\n<h5>Registradores de datos WiFi: Ventajas y funciones<\/h5>\n<p>En la pantalla del registrador de datos tienen la posibilidad de visualizarse las lecturas actuales , los incumplimientos de valores l\u00edmites y el tiempo restante de carga de la pila. Las pilas est\u00e1ndar (AA) tienen una duraci\u00f3n de 12 meses y pueden ser sustituidas cualquier ocasi\u00f3n por exactamente el mismo usuario. La memoria interna del registrador de datos WiFi tiene una capacidad de diez .000 lecturas, y la caja est\u00e1 protegida seg\u00fan IP65. testo Saveris 2 T1 ha sido probado por T\u00dcV S\u00fcd seg\u00fan la norma EN 12830.<\/p>\n<h5><strong>Volumen de suministro<\/strong><\/h5>\n<ul>\n<li>Gu\u00eda r\u00e1pida.<\/li>\n<li>Incluye un acceso gratuito a la nube (funcionalidad B\u00e1sica).<\/li>\n<li>Protocolo de calibraci\u00f3n.<\/li>\n<li>Soporte de pared con cerradura.<\/li>\n<li>Pilas (4 mignon AA AlMn).<\/li>\n<li>Cable Micro USB.<\/li>\n<li>Registrador de datos WiFi testo Saveris 2-T1.<\/li>\n<\/ul>\n<p>&nbsp;<\/p>\n<h4>Datos t\u00e9cnicos<\/h4>\n<table>\n<colgroup>\n<col class=\"colWidth25\" \/>\n<col \/><\/colgroup>\n<thead>\n<tr>\n<th colspan=\"2\">Datos t\u00e9cnicos generales<\/th>\n<\/tr>\n<\/thead>\n<tbody>\n<tr>\n<td class=\"table-bold\">Peso<\/td>\n<td>240 g<\/td>\n<\/tr>\n<tr>\n<td class=\"table-bold\">Medidas<\/td>\n<td>95 X 75 X 30,5 mm<\/td>\n<\/tr>\n<tr>\n<td class=\"table-bold\">Temperatura de funcionamiento<\/td>\n<td>-30 hasta +50 \u00baC<\/td>\n<\/tr>\n<tr>\n<td class=\"table-bold\">Clase de protecci\u00f3n<\/td>\n<td>IP65<\/td>\n<\/tr>\n<tr>\n<td class=\"table-bold\">Intervalo de medici\u00f3n<\/td>\n<td>En funci\u00f3n de licencia para la nube; B\u00e1sica: 15 min. \u2026 24 h \/ Ampliada: 1 min. \u2026 24 h<\/td>\n<\/tr>\n<tr>\n<td class=\"table-bold\">Contacto de puerta<\/td>\n<td>\u2013<\/td>\n<\/tr>\n<tr>\n<td class=\"table-bold\">Intervalo de comunicaci\u00f3n<\/td>\n<td>En funci\u00f3n de licencia para la nube; B\u00e1sica: 15 min. \u2026 24 h \/ Ampliada: 1 min. \u2026 24 h<\/td>\n<\/tr>\n<tr>\n<td class=\"table-bold\">WLAN Connectivity<\/td>\n<td>Transmisi\u00f3n de la se\u00f1al: inal\u00e1mbrica; Posibles m\u00e9todos de cifrado: sin cifrado, WEP, WPA, WPA2, WPA2 Enterprise \u2013 Los registradores de datos se comunican a trav\u00e9s del protocolo est\u00e1ndar MQTT y dominan la sincronizaci\u00f3n temporal SNTP.<\/td>\n<\/tr>\n<tr>\n<td class=\"table-bold\">Norma<\/td>\n<td>EN 12830<\/td>\n<\/tr>\n<tr>\n<td class=\"table-bold\">Alimentaci\u00f3n de corriente<\/td>\n<td>4 pilas AA AlMn; alimentador opcional; para temperaturas por debajo de -10 \u00b0C emplear pilas Energizer 0515 0572<\/td>\n<\/tr>\n<tr>\n<td class=\"table-bold\">Memoria<\/td>\n<td>10.000 valores de medici\u00f3n \/ canal<\/td>\n<\/tr>\n<tr>\n<td class=\"table-bold\">Autonom\u00eda<\/td>\n<td>12 meses (valor t\u00edpico, depende de la infraestructura WLAN) a +25 \u00b0C, ciclo de medici\u00f3n de 15 min y ciclo de comunicaci\u00f3n est\u00e1ndar a -30 \u00b0C, ciclo de medici\u00f3n de 15 min y comunicaci\u00f3n est\u00e1ndar con pilas Energizer 0515 0572<\/td>\n<\/tr>\n<tr>\n<td class=\"table-bold\">Temperatura de almacenamiento<\/td>\n<td>-40 hasta +70 \u00baC (sin pilas)<\/td>\n<\/tr>\n<\/tbody>\n<\/table>\n<table>\n<colgroup>\n<col class=\"colWidth25\" \/>\n<col \/><\/colgroup>\n<thead>\n<tr>\n<th colspan=\"2\">NTC<\/th>\n<\/tr>\n<\/thead>\n<tbody>\n<tr>\n<td class=\"table-bold\">Rango<\/td>\n<td>-30 hasta +50 \u00baC<\/td>\n<\/tr>\n<tr>\n<td class=\"table-bold\">Exactitud<\/td>\n<td>\u00b10,5 \u00baC<\/td>\n<\/tr>\n<tr>\n<td class=\"table-bold\">Resoluci\u00f3n<\/td>\n<td>0,1 \u00baC<\/td>\n<\/tr>\n<\/tbody>\n<\/table>\n","protected":false},"excerpt":{"rendered":"<p>El sistema de registro de datos WiFi testo Saveris 2 es la soluci\u00f3n simple , maleable y segura para medici\u00f3n y monitorizaci\u00f3n de la temperatura en sus guardes , c\u00e1maras de refrigeraci\u00f3n y salas de trabajo. Instalar el sistema es un juego de ni\u00f1os y se puede efectuar mediante un navegador.<\/p>\n","protected":false},"featured_media":3512,"comment_status":"open","ping_status":"closed","template":"","meta":[],"product_cat":[15],"product_tag":[],"class_list":{"0":"post-3511","1":"product","2":"type-product","3":"status-publish","4":"has-post-thumbnail","6":"product_cat-sin-categorizar","8":"first","9":"instock","10":"shipping-taxable","11":"product-type-simple"},"jetpack_sharing_enabled":true,"_links":{"self":[{"href":"https:\/\/imedk.com\/tienda\/wp-json\/wp\/v2\/product\/3511"}],"collection":[{"href":"https:\/\/imedk.com\/tienda\/wp-json\/wp\/v2\/product"}],"about":[{"href":"https:\/\/imedk.com\/tienda\/wp-json\/wp\/v2\/types\/product"}],"replies":[{"embeddable":true,"href":"https:\/\/imedk.com\/tienda\/wp-json\/wp\/v2\/comments?post=3511"}],"wp:featuredmedia":[{"embeddable":true,"href":"https:\/\/imedk.com\/tienda\/wp-json\/wp\/v2\/media\/3512"}],"wp:attachment":[{"href":"https:\/\/imedk.com\/tienda\/wp-json\/wp\/v2\/media?parent=3511"}],"wp:term":[{"taxonomy":"product_cat","embeddable":true,"href":"https:\/\/imedk.com\/tienda\/wp-json\/wp\/v2\/product_cat?post=3511"},{"taxonomy":"product_tag","embeddable":true,"href":"https:\/\/imedk.com\/tienda\/wp-json\/wp\/v2\/product_tag?post=3511"}],"curies":[{"name":"wp","href":"https:\/\/api.w.org\/{rel}","templated":true}]}}